5
Suppose 616 = 4*k + 23*z - 27*z, 0 = 4*k + 4*z - 576. What are the prime factors of k?
149
Suppose 0*g = -3*g - 42. Let m(x) = -x - 4. What are the prime factors of m(g)?
2, 5
Let l(w) be the second derivative of -w**4/6 - 14*w**3/3 + 3*w**2 + 6*w. What are the prime factors of l(-14)?
2, 3
Suppose 3*r - 15 = -4*h, 3*h + 5*r + 9 = 2*h. List the prime factors of ((-2)/h*-109)/((-6)/(-18)).
109
Let l(g) = g**2 + 10*g + 24. Let d be l(-7). Suppose 0 = -2*f + 5*s + 161, -d*s - 151 = -f - f. What are the prime factors of f?
2, 17
Let h be 39*(35/(-15))/(-7). Suppose -h*w + 10*w + 15 = 0. What are the prime factors of w?
5
Let c(d) = 3*d - 66. Let v be c(24). What are the prime factors of (2 + -5 + v)*37?
3, 37
Let s(q) = q**3 - 5*q**2 - 3*q - 8. Let m be s(7). Let l = 54 + m. List the prime factors of l.
3, 41
Let s = -6 - -10. Suppose 0*q = 5*q - s*g - 476, -2*q + 4*g = -200. Suppose 0 = -3*b - m + q, -2*m + m + 124 = 4*b. List the prime factors of b.
2
Let v = 25 + -21. Suppose 0 = -4*c - 3*f + 205, -2*c = f - v*f - 125. List the prime factors of c.
5, 11
Let j be 2*3/12*2 + 14. List the prime factors of j/60 - 39/(-4).
2, 5
Let d(p) = p**3 - 2*p - 241. Let r be d(0). Let w = -40 - r. List the prime factors of w.
3, 67
Suppose 26*o = 15*o + 3410. List the prime factors of o.
2, 5, 31
Let t = 93 - 97. Let o(r) = -r**3 - r**2 - 10*r - 10. List the prime factors of o(t).
2, 3, 13
Let f = -20 - -21. List the prime factors of (-3)/(f*5/(-145)).
3, 29
Let q be (-12)/(-7)*406/4. List the prime factors of q/(((-16)/4)/(-2)).
3, 29
Let u(i) = -1 + i - 3 + 2 + 4. Let n be u(7). Suppose 2*g = 3 + n. What are the prime factors of g?
2, 3
What are the prime factors of 20/(1 + 4)*(-1278)/(-4)?
2, 3, 71
Suppose -15*h + 8*h - 105 = 0. Let k = -12 - h. What are the prime factors of k?
3
Suppose -5*k = -5*a + 845, 5*k - 3*a = a - 842. Let f = k + 424. What are the prime factors of f?
2, 3, 43
Let l = 524 - 371. What are the prime factors of l?
3, 17
Let t(h) = -h**3 + 4*h**2 + h + 6. Let n be t(4). Let m(k) = 9*k**2 + k**3 - 8 - 2*k**3 + 11*k + 0. List the prime factors of m(n).
2
Let i be 81/(-2)*(-38)/57. Let q = 161 + i. List the prime factors of q.
2, 47
Suppose -l = -3*l + 564. Let f = -194 + l. List the prime factors of f.
2, 11
Let i(r) = -r**2 - 11*r + 6. Let l be i(-11). Suppose -l*x = -x - 10. List the prime factors of x + ((-4)/2)/(-1).
2
Suppose 0 = 2*i + 15*i - 11152. What are the prime factors of i?
2, 41
Let j be ((7065/(-10))/(-9))/(1/(-2)). Let w = j + 316. What are the prime factors of w?
3, 53
Suppose -38 = -5*a - 123. Let o = 21 + a. What are the prime factors of 290/35 + o/(-14)?
2
Let l(v) be the second derivative of v**5/10 - v**4/4 + v**3/6 + v**2/2 + 15*v. Suppose 2*u = 2 + 2. What are the prime factors of l(u)?
7
Let h(z) = 36*z + 74. What are the prime factors of h(11)?
2, 5, 47
Suppose -772 = -5*a + a. Let z = a + -77. List the prime factors of z.
2, 29
Let a = 1725 + -961. What are the prime factors of a?
2, 191
Let a = 40 + -54. What are the prime factors of (6 - 5 - -17)*a/(-4)?
3, 7
Let f = 2797 + 776. What are the prime factors of f?
3, 397
Suppose 20*k = 23*k - 330. What are the prime factors of k?
2, 5, 11
Let k be 6/(-21) - 120/21. Let v(r) = 3*r**2 - r + 12. List the prime factors of v(k).
2, 3, 7
Suppose g = 0, 5*v - 4*g + 1101 = 3171. List the prime factors of v.
2, 3, 23
Suppose -3*n + 12 = -0*n, 0 = 2*w + n - 52. What are the prime factors of w/(4 + -1 - 1)?
2, 3
Let g(i) = i**2 - 9*i - 9. Let l be g(10). List the prime factors of (-2)/(-2)*l*32.
2
Let c(w) = w**2 + 9*w - 11. Let q be c(-8). Let s = q - -78. What are the prime factors of s?
59
Let b(o) = -o**2 + 8*o - 13. Let d be ((-10)/8)/(4*(-3)/48). What are the prime factors of b(d)?
2
Suppose 0 = 5*v - 2*d - 43, 2*v - 4*d = 7*v - 49. Let u = v - 15. List the prime factors of (-77)/(-3) - u/(-9).
5
Suppose -22*n = -23*n. Suppose b + 6*b - 364 = n. What are the prime factors of b?
2, 13
Suppose 38*j - 246 = 35*j. Suppose 3*c - p = 161 + j, 3*c = 2*p + 243. List the prime factors of c.
3
Let z(f) = -f**3 + 5*f**2 + 6*f + 7. Let u be z(6). Let m(w) = -w**3 - 3*w + 7 - 6 + 6*w**2 + 2*w**2. List the prime factors of m(u).
29
Suppose 6*c - 17*c = 0. Suppose -j + 15 = q, -3*j - 3 + 0 = c. List the prime factors of q.
2
Let u(j) = 318*j - 387. What are the prime factors of u(4)?
3, 5, 59
Let z = 1077 + -744. What are the prime factors of z?
3, 37
Let t(c) = c**2 + c - 31 + 0*c**2 + 57. List the prime factors of t(0).
2, 13
Suppose 27*o - r = 23*o + 2046, -5*o - r + 2562 = 0. List the prime factors of o.
2
Suppose -3*c + 0*o - o = -105, 2*c - 75 = o. What are the prime factors of (-12 - -1)/((-9)/c)?
2, 11
Suppose 5*y + 9 = -2*j - 0*j, -3*j - 5*y = 6. Suppose j*l - 136 = -37. List the prime factors of l.
3, 11
Let n be 0 - (4 - -5)/(-3). Suppose -79 = n*c - 193. What are the prime factors of c?
2, 19
Let i be (-2)/(-3) - (-52142)/87. Suppose 23*v - 1056 - i = 0. What are the prime factors of v?
2, 3
Let j(d) = 3*d**2 - 1. Let u be j(3). Let c = u + -23. Let m(z) = z**3 + z**2 + z - 1. What are the prime factors of m(c)?
2, 19
Let l(m) = -m**3 - 6*m**2 - 3*m. Let s be l(-4). Let d = 20 + s. Suppose d = 2*a + a - 66. What are the prime factors of a?
2, 11
Let n(m) = 60*m**3 + 2*m - 4. List the prime factors of n(2).
2, 3, 5
Suppose 45 = 3*q - 12*q. List the prime factors of (q - -2) + (-30)/(-3) + -1.
2, 3
Let l(w) = 15*w - w**2 - w**3 + 12*w**2 + 0*w**3 - 4. What are the prime factors of l(10)?
2, 3, 41
Let k = 243 - 169. List the prime factors of (-2)/(-8) + k*12/32.
2, 7
Suppose 0*q + 2 = q. Let x = 137 + -133. Suppose q*d = 3*m - 21, x = -3*m - d + 16. What are the prime factors of m?
5
Let u(g) = 2*g**2 - 10*g + 9. Let x be u(3). List the prime factors of (17 - (x - 1))*4/3.
2, 7
Suppose 27563 + 4792 = 15*q. List the prime factors of q.
3, 719
Let x(r) = -87*r - 7. Let d be x(-3). Let a = d + -139. List the prime factors of a.
5, 23
Let w(o) be the first derivative of -o**4/4 + 2*o**3/3 - o**2 - o + 12. Let n be w(-2). Suppose 0 = -2*a + 59 - n. List the prime factors of a.
2, 5
Let g be 3 + 5/(0 + 1). Suppose 4*s = 4*w + 83 + 233, -2*w = g. List the prime factors of s.
3, 5
What are the prime factors of (16/(-4) - 22)*(-4)/1?
2, 13
Let w = 9647 + -5949. List the prime factors of w.
2, 43
Suppose 0*i = -4*f + 3*i + 1154, -3*i - 1441 = -5*f. What are the prime factors of f?
7, 41
Let k be (-10 - -15)/(2/62). Suppose -12*w - k + 1463 = 0. List the prime factors of w.
109
Let r be -2 + (-74)/((-12)/(-8) + -2). List the prime factors of (-16)/(-32) + r/4.
37
Let k = 23 + -23. Suppose -18 = -3*c - k. Let f(t) = -t**3 + 8*t**2 - 2*t - 7. List the prime factors of f(c).
53
What are the prime factors of ((49/(-4))/(-7))/(5/2660)?
7, 19
Let c be -2 - 0 - (-2 + 0). Suppose -5*x + 27 = -4*m, -2*m - 15 = 3*m. Suppose c*w - 42 = -x*w. List the prime factors of w.
2, 7
Let u = -45 + 47. What are the prime factors of (132/4 - 4)*14/u?
7, 29
Let k = 9 - 7. Let p(s) = 14*s. Let g be p(k). Let c = g - 11. List the prime factors of c.
17
Let g = 1099 + 109. What are the prime factors of g?
2, 151
Suppose -5*x + 844 = -741. What are the prime factors of x?
317
Suppose 3*t - 213 - 155 = -c, -16 = -4*t. Suppose 2*y + l - 236 = 0, 0*y + c = 3*y + l. List the prime factors of y.
2, 3, 5
Let x = 748 - -372. List the prime factors of x.
2, 5, 7
Suppose 3*t - 2 = 1, -k - 3*t + 95 = 0. List the prime factors of k - (2 + (-6 - (-2 + 1))).
5, 19
Suppose -2*j - 3*c - 128 = -0*j, -2*j + c - 136 = 0. Let p = j - -82. List the prime factors of p.
3, 5
Let g(v) = 153*v**2 - 2*v + 4. What are the prime factors of g(-2)?
2, 5, 31
Let n = 22 + -19. Suppose 2*j + 26 = n*j. List the prime factors of j.
2, 13
Let z(l) = 7*l**2 - 25*l + 16. List the prime factors of z(-8).
2, 83
Let o(x) = 30*x + 4. Let z = -21 + 23. What are the prime factors of o(z)?
2
Suppose 10589 + 6616 = 5*a + 4*i, 0 = -4*a + 4*i + 13728. List the prime factors of a.
7, 491
Let w = 30 - 65. Let a = 82 - w. What are the prime factors of a?
3, 13
Suppose p + 31 = j - 4*p, 3*p + 45 = 3*j. What are the prime factors of j?
11
Let w(b) = b**3 + 7*b**2 + 5*b - 4. Let k = 14 - -3. Suppose 3*r + 1 = -k. List the prime factors of w(r).
2
Let d = 